{"id":18,"date":"2015-04-17T21:17:00","date_gmt":"2015-04-17T18:17:00","guid":{"rendered":"http:\/\/www.jokirinne.fi\/?page_id=18"},"modified":"2021-04-28T12:54:39","modified_gmt":"2021-04-28T09:54:39","slug":"linkkeja","status":"publish","type":"page","link":"https:\/\/www.jokirinne.fi\/?page_id=18","title":{"rendered":"Linkkej\u00e4"},"content":{"rendered":"<p>Muhoksen kunta\u00a0<a href=\"http:\/\/muhos.fi\">www.muhos.fi<\/a><\/p>\n<p>Historiatietoa P\u00e4iv\u00e4rinteen kyl\u00e4st\u00e4\u00a0<a href=\"http:\/\/www.laitasaari.fi\">www.laitasaari.fi<\/a><\/p>\n<p>Historiatietoa P\u00e4iv\u00e4rinteen parantolasta museoviraston sivulla\u00a0<a href=\"http:\/\/www.rky.fi\/read\/asp\/r_kohde_det.aspx?KOHDE_ID=4347\" target=\"_blank\" rel=\"noopener\">linkki<\/a><\/p>\n<p>P\u00e4iv\u00e4rinteel\u00e4isi\u00e4kin liikuttaa Muhoksen Naisvoimistelijat (<a href=\"http:\/\/www.muhoksennaisvoimistelijat.fi\">www.muhoksennaisvoimistelijat.fi<\/a>)<\/p>\n\n\n<p><\/p>\n","protected":false},"excerpt":{"rendered":"<p>Muhoksen kunta\u00a0www.muhos.fi Historiatietoa P\u00e4iv\u00e4rinteen kyl\u00e4st\u00e4\u00a0www.laitasaari.fi Historiatietoa P\u00e4iv\u00e4rinteen parantolasta museoviraston sivulla\u00a0linkki P\u00e4iv\u00e4rinteel\u00e4isi\u00e4kin liikuttaa Muhoksen Naisvoimistelijat (www.muhoksennaisvoimistelijat.fi)<\/p>\n","protected":false},"author":1,"featured_media":0,"parent":0,"menu_order":0,"comment_status":"closed","ping_status":"closed","template":"","meta":{"jetpack_post_was_ever_published":false,"footnotes":""},"class_list":["post-18","page","type-page","status-publish","hentry"],"jetpack_sharing_enabled":true,"jetpack_shortlink":"https:\/\/wp.me\/P6XbQi-i","jetpack-related-posts":[],"_links":{"self":[{"href":"https:\/\/www.jokirinne.fi\/index.php?rest_route=\/wp\/v2\/pages\/18","targetHints":{"allow":["GET"]}}],"collection":[{"href":"https:\/\/www.jokirinne.fi\/index.php?rest_route=\/wp\/v2\/pages"}],"about":[{"href":"https:\/\/www.jokirinne.fi\/index.php?rest_route=\/wp\/v2\/types\/page"}],"author":[{"embeddable":true,"href":"https:\/\/www.jokirinne.fi\/index.php?rest_route=\/wp\/v2\/users\/1"}],"replies":[{"embeddable":true,"href":"https:\/\/www.jokirinne.fi\/index.php?rest_route=%2Fwp%2Fv2%2Fcomments&post=18"}],"version-history":[{"count":6,"href":"https:\/\/www.jokirinne.fi\/index.php?rest_route=\/wp\/v2\/pages\/18\/revisions"}],"predecessor-version":[{"id":395,"href":"https:\/\/www.jokirinne.fi\/index.php?rest_route=\/wp\/v2\/pages\/18\/revisions\/395"}],"wp:attachment":[{"href":"https:\/\/www.jokirinne.fi\/index.php?rest_route=%2Fwp%2Fv2%2Fmedia&parent=18"}],"curies":[{"name":"wp","href":"https:\/\/api.w.org\/{rel}","templated":true}]}}