{"id":6,"date":"2015-04-17T20:44:12","date_gmt":"2015-04-17T17:44:12","guid":{"rendered":"http:\/\/www.jokirinne.fi\/?page_id=6"},"modified":"2025-05-06T19:22:25","modified_gmt":"2025-05-06T16:22:25","slug":"hallitus","status":"publish","type":"page","link":"https:\/\/www.jokirinne.fi\/?page_id=6","title":{"rendered":"Kyl\u00e4toimikunta"},"content":{"rendered":"<p>Jokirinteen kyl\u00e4yhdistyksen kyl\u00e4toimikunta valitaan joka toinen vuosi lokakuussa j\u00e4rjestett\u00e4v\u00e4ss\u00e4 s\u00e4\u00e4nt\u00f6m\u00e4\u00e4r\u00e4isess\u00e4 syyskokouksessa. Kyl\u00e4toimikunta organisoi kyl\u00e4yhdistyksen toiminnan. Jos haluat l\u00e4hesty\u00e4 meit\u00e4, ota rohkeasti yhteytt\u00e4 s\u00e4hk\u00f6postitse kylatoimikunta@jokirinne.fi&nbsp;tai nyk\u00e4ise hihasta kyl\u00e4n raitilla.<\/p>\n<p>Vuoden 2023-2024 kyl\u00e4toimikuntaan kuuluvat:<\/p>\n<p>Merja Ylipukki &#8211; puheenjohtaja (p. 0405798988)<\/p>\n<p>Jarno Pulkka &#8211; tiedotusvastaava<\/p>\n<p>Mikko Vakkilainen<\/p>\n<p>Teemu Vaara &#8211; sihteeri ja rahastonhoitaja<\/p>\n","protected":false},"excerpt":{"rendered":"<p>Jokirinteen kyl\u00e4yhdistyksen kyl\u00e4toimikunta valitaan joka toinen vuosi lokakuussa j\u00e4rjestett\u00e4v\u00e4ss\u00e4 s\u00e4\u00e4nt\u00f6m\u00e4\u00e4r\u00e4isess\u00e4 syyskokouksessa. Kyl\u00e4toimikunta organisoi kyl\u00e4yhdistyksen toiminnan. Jos haluat l\u00e4hesty\u00e4 meit\u00e4, ota rohkeasti yhteytt\u00e4 s\u00e4hk\u00f6postitse kylatoimikunta@jokirinne.fi&nbsp;tai nyk\u00e4ise hihasta kyl\u00e4n raitilla. Vuoden 2023-2024 kyl\u00e4toimikuntaan kuuluvat: Merja Ylipukki &#8211; puheenjohtaja (p. 0405798988) Jarno Pulkka &#8211; tiedotusvastaava Mikko Vakkilainen Teemu Vaara &#8211; sihteeri ja rahastonhoitaja<\/p>\n","protected":false},"author":1,"featured_media":0,"parent":0,"menu_order":0,"comment_status":"closed","ping_status":"closed","template":"","meta":{"jetpack_post_was_ever_published":false,"footnotes":""},"class_list":["post-6","page","type-page","status-publish","hentry"],"jetpack_sharing_enabled":true,"jetpack_shortlink":"https:\/\/wp.me\/P6XbQi-6","jetpack-related-posts":[],"_links":{"self":[{"href":"https:\/\/www.jokirinne.fi\/index.php?rest_route=\/wp\/v2\/pages\/6","targetHints":{"allow":["GET"]}}],"collection":[{"href":"https:\/\/www.jokirinne.fi\/index.php?rest_route=\/wp\/v2\/pages"}],"about":[{"href":"https:\/\/www.jokirinne.fi\/index.php?rest_route=\/wp\/v2\/types\/page"}],"author":[{"embeddable":true,"href":"https:\/\/www.jokirinne.fi\/index.php?rest_route=\/wp\/v2\/users\/1"}],"replies":[{"embeddable":true,"href":"https:\/\/www.jokirinne.fi\/index.php?rest_route=%2Fwp%2Fv2%2Fcomments&post=6"}],"version-history":[{"count":20,"href":"https:\/\/www.jokirinne.fi\/index.php?rest_route=\/wp\/v2\/pages\/6\/revisions"}],"predecessor-version":[{"id":461,"href":"https:\/\/www.jokirinne.fi\/index.php?rest_route=\/wp\/v2\/pages\/6\/revisions\/461"}],"wp:attachment":[{"href":"https:\/\/www.jokirinne.fi\/index.php?rest_route=%2Fwp%2Fv2%2Fmedia&parent=6"}],"curies":[{"name":"wp","href":"https:\/\/api.w.org\/{rel}","templated":true}]}}